 ten thousands digit of 457442?
5
What is the millions digit of 1731878?
1
What is the thousands digit of 3587755?
7
What is the millions digit of 3439730?
3
What is the thousands digit of 2932729?
2
What is the ten thousands digit of 2292438?
9
What is the tens digit of 6255?
5
What is the hundreds digit of 1166200?
2
What is the hundreds digit of 91281?
2
What is the thousands digit of 1768982?
8
What is the ten thousands digit of 105491?
0
What is the hundred thousands digit of 4242993?
2
What is the thousands digit of 7649957?
9
What is the ten millions digit of 25262558?
2
What is the units digit of 186613?
3
What is the units digit of 1392196?
6
What is the ten thousands digit of 13467399?
6
What is the tens digit of 3293166?
6
What is the hundred thousands digit of 785351?
7
What is the units digit of 487978?
8
What is the hundreds digit of 992987?
9
What is the hundred thousands digit of 1681719?
6
What is the tens digit of 941728?
2
What is the hundreds digit of 172005?
0
What is the tens digit of 74522?
2
What is the hundreds digit of 22676557?
5
What is the ten thousands digit of 5506705?
0
What is the tens digit of 20804894?
9
What is the ten thousands digit of 10194458?
9
What is the units digit of 29768017?
7
What is the tens digit of 13455456?
5
What is the tens digit of 768919?
1
What is the tens digit of 1200618?
1
What is the tens digit of 78930?
3
What is the tens digit of 18010329?
2
What is the units digit of 4516840?
0
What is the thousands digit of 555486?
5
What is the hundred thousands digit of 547119?
5
What is the thousands digit of 721131?
1
What is the ten thousands digit of 2836437?
3
What is the hundred thousands digit of 2941207?
9
What is the units digit of 3684425?
5
What is the units digit of 613721?
1
What is the units digit of 9197695?
5
What is the millions digit of 9370076?
9
What is the hundred thousands digit of 378627?
3
What is the hundred thousands digit of 2036643?
0
What is the tens digit of 4551288?
8
What is the hundred thousands digit of 363908?
3
What is the hundred thousands digit of 437133?
4
What is the ten thousands digit of 461498?
6
What is the units digit of 1172372?
2
What is the hundreds digit of 1282430?
4
What is the units digit of 859115?
5
What is the tens digit of 943380?
8
What is the tens digit of 870668?
6
What is the millions digit of 15873917?
5
What is the units digit of 4105310?
0
What is the units digit of 1731777?
7
What is the tens digit of 1046430?
3
What is the thousands digit of 38616?
8
What is the millions digit of 39583071?
9
What is the hundred thousands digit of 513541?
5
What is the millions digit of 1235167?
1
What is the tens digit of 470946?
4
What is the units digit of 3261316?
6
What is the hundred thousands digit of 5652757?
6
What is the ten thousands digit of 381254?
8
What is the hundreds digit of 2288016?
0
What is the tens digit of 10474039?
3
What is the units digit of 304080?
0
What is the tens digit of 1439851?
5
What is the millions digit of 14720124?
4
What is the hundred thousands digit of 258251?
2
What is the units digit of 15692141?
1
What is the hundred thousands digit of 6321335?
3
What is the units digit of 73574?
4
What is the tens digit of 975328?
2
What is the units digit of 91553?
3
What is the hundred thousands digit of 155902?
1
What is the hundreds digit of 1220392?
3
What is the units digit of 90699?
9
What is the tens digit of 14411133?
3
What is the ten thousands digit of 238305?
3
What is the hundreds digit of 1896243?
2
What is the units digit of 625106?
6
What is the hundreds digit of 11966498?
4
What is the tens digit of 7076030?
3
What is the tens digit of 59712?
1
What is the thousands digit of 1083794?
3
What is the hundred thousands digit of 1228513?
2
What is the hundreds digit of 4202485?
4
What is the units digit of 574714?
4
What is the units digit of 215203?
3
What is the thousands digit of 33448?
3
What is the millions digit of 3999136?
3
What is the hundred thousands digit of 3844331?
8
What is the thousands digit of 2034380?
4
What is the ten millions digit of 18986998?
1
What is the thousands digit of 182932?
2
What is the tens digit of 49481?
8
What is the hundreds digit of 75438?
4
What is the millions digit of 2461743?
2
What is the tens digit of 91392?
9
What is the thousands digit of 17163787?
3
What is the units digit of 23731729?
9
What is the tens digit of 3312146?
4
What is the millions digit of 5646663?
5
What is the tens digit of 8949723?
2
What is the ten thousands digit of 993919?
9
What is the thousands digit of 6673029?
3
What is the hundreds digit of 174602?
6
What is the tens digit of 306573?
7
What is the units digit of 10427614?
4
What is the ten thousands digit of 658178?
5
What is the hundreds digit of 2727409?
4
What is the thousands digit of 592925?
2
What is the ten thousands digit of 1489047?
8
What is the units digit of 236522?
2
What is the hundred thousands digit of 31591993?
5
What is the hundreds digit of 845190?
1
What is the hundred thousands digit of 2194661?
1
What is the hundred thousands digit of 471707?
4
What is the hundreds digit of 26710605?
6
What is the units digit of 2495969?
9
What is the thousands digit of 84728?
4
What is the thousands digit of 25266852?
6
What is the hundreds digit of 159502?
5
What is the ten thousands digit of 830858?
3
What is the tens digit of 6466966?
6
What is the hundred thousands digit of 1001469?
0
What is the ten thousands digit of 941101?
4
What is the ten thousands digit of 638322?
3
What is the tens digit of 75666?
6
What is the tens digit of 283959?
5
What is the thousands digit of 5642082?
2
What is the tens digit of 465504?
0
What is the units digit of 82379?
9
What is the hundreds digit of 4778030?
0
What is the tens digit of 6764143?
4
What is the hundred thousands digit of 3898958?
8
What is the units digit of 39623?
3
What is the hundreds digit of 29861?
8
What is the ten millions digit of 11191777?
1
What is the tens digit of 14226755?
5
What is the units digit of 11610055?
5
What is the units digit of 1076658?
8
What is the ten thousands digit of 353825?
5
What is the tens digit of 215114?
1
What is the units digit of 144082?
2
What is the tens digit of 45491?
9
What is the millions digit of 24371372?
4
What is the units digit of 3617565?
5
What is the hundreds digit of 131675?
6
What is the thousands digit of 18944052?
4
What is the hundreds digit of 1457642?
6
What is the hundreds digit of 3721469?
4
What is the units digit of 3399104?
4
What is the tens digit of 15269?
6
What is the thousands digit of 113994?
3
What is the hundreds digit of 202341?
3
What is the tens digit of 4139668?
6
What is the ten thousands digit of 410361?
1
What is the millions digit of 3631863?
3
What is the units digit of 1452480?
0
What is the hundred thousands digit of 128502?
1
What is the ten thousands digit of 303651?
0
What is the ten thousands digit of 529543?
2
What is the hundred thousands digit of 16201516?
2
What is the hundreds digit of 9154007?
0
What is the ten thousands digit of 368282?
6
What is the hundreds digit of 157681?
6
What is the millions digit of 2490203?
2
What is the hundreds digit of 6615743?
7
What is the tens digit of 2452915?
1
What is the tens digit of 7200285?
8
What is the ten millions digit of 22656768?
2
What is the thousands digit of 15311403?
1
What is the thousands digit of 581020?
1
What is the thousands digit of 9760510?
0
What is the ten thousands digit of 1007599?
0
What is the hundreds digit of 603509?
5
What is the millions digit of 4389187?
4
What is the ten thousands digit of 14070342?
7
What is the units digit of 5169848?
8
What is the hundreds digit of 257683?
6
What is the hundred thousands digit of 8077310?
0
What is the tens digit of 348503?
0
What is the hundreds digit of 69824?
8
What is the millions digit of 6502585?
6
What is the thousands digit of 211735?
1
What is the tens digit of 3500685?
8
What is the tens digit of 276365?
6
What is the tens digit of 4363463?
6
What is the ten thousands digit of 25052952?
5
What is the ten thousands digit of 168500?
6
What is the ten thousands digit of 119224?
1
What is the hundreds digit of 18069729?
7
What is the units digit of 1985907?
7
What is th